ainder when 400 is divided by 370?
30
What is the remainder when 43713 is divided by 987?
285
Calculate the remainder when 873247 is divided by 14.
11
What is the remainder when 10172 is divided by 2542?
4
Calculate the remainder when 7814217 is divided by 60.
57
Calculate the remainder when 4311 is divided by 215.
11
What is the remainder when 27480 is divided by 52?
24
What is the remainder when 247949 is divided by 1333?
11
Calculate the remainder when 3293 is divided by 3283.
10
What is the remainder when 1994 is divided by 17?
5
What is the remainder when 673195 is divided by 124?
123
Calculate the remainder when 88530 is divided by 1284.
1218
Calculate the remainder when 22573 is divided by 2500.
73
Calculate the remainder when 4267 is divided by 4158.
109
What is the remainder when 6640 is divided by 1327?
5
Calculate the remainder when 33366 is divided by 27.
21
Calculate the remainder when 48156 is divided by 382.
24
Calculate the remainder when 5369 is divided by 23.
10
Calculate the remainder when 25472 is divided by 431.
43
Calculate the remainder when 3591562 is divided by 1567.
1565
What is the remainder when 6424 is divided by 197?
120
What is the remainder when 647 is divided by 321?
5
What is the remainder when 15229 is divided by 3036?
49
What is the remainder when 60256 is divided by 3346?
28
What is the remainder when 446958 is divided by 740?
738
What is the remainder when 321058 is divided by 19?
15
What is the remainder when 22631 is divided by 149?
132
Calculate the remainder when 1232 is divided by 758.
474
Calculate the remainder when 3492292 is divided by 17.
16
What is the remainder when 15588 is divided by 3897?
0
Calculate the remainder when 261759 is divided by 984.
15
What is the remainder when 6093 is divided by 304?
13
What is the remainder when 20273 is divided by 4?
1
Calculate the remainder when 37739 is divided by 18828.
83
What is the remainder when 31513 is divided by 165?
163
Calculate the remainder when 851931 is divided by 571.
570
Calculate the remainder when 26684 is divided by 126.
98
Calculate the remainder when 1001481 is divided by 6144.
9
Calculate the remainder when 164 is divided by 59.
46
Calculate the remainder when 32470 is divided by 32385.
85
Calculate the remainder when 191012 is divided by 63660.
32
Calculate the remainder when 5607 is divided by 213.
69
Calculate the remainder when 18420 is divided by 166.
160
Calculate the remainder when 2515944 is divided by 305.
304
What is the remainder when 4677060 is divided by 754?
752
What is the remainder when 264783 is divided by 37?
11
What is the remainder when 12940 is divided by 34?
20
What is the remainder when 35152 is divided by 68?
64
Calculate the remainder when 503228 is divided by 323.
317
Calculate the remainder when 1309 is divided by 639.
31
What is the remainder when 864522 is divided by 25?
22
What is the remainder when 33286 is divided by 979?
0
Calculate the remainder when 121202 is divided by 157.
155
What is the remainder when 2301 is divided by 330?
321
Calculate the remainder when 35183 is divided by 1353.
5
Calculate the remainder when 5790 is divided by 1443.
18
What is the remainder when 9221 is divided by 657?
23
What is the remainder when 94610 is divided by 3378?
26
Calculate the remainder when 64301 is divided by 7.
6
Calculate the remainder when 2885 is divided by 417.
383
Calculate the remainder when 149197 is divided by 1554.
13
What is the remainder when 40543 is divided by 224?
223
Calculate the remainder when 23093 is divided by 3280.
133
Calculate the remainder when 19221 is divided by 37.
18
Calculate the remainder when 14867 is divided by 44.
39
What is the remainder when 53425 is divided by 50?
25
Calculate the remainder when 7662 is divided by 347.
28
What is the remainder when 120355 is divided by 596?
559
Calculate the remainder when 40974 is divided by 188.
178
What is the remainder when 71078 is divided by 129?
128
Calculate the remainder when 670764 is divided by 223583.
15
Calculate the remainder when 2104738 is divided by 45.
43
What is the remainder when 13895 is divided by 44?
35
What is the remainder when 121633 is divided by 122?
121
Calculate the remainder when 10152 is divided by 72.
0
What is the remainder when 2081 is divided by 46?
11
Calculate the remainder when 4938 is divided by 353.
349
What is the remainder when 490925 is divided by 22?
17
Calculate the remainder when 3187954 is divided by 339.
337
Calculate the remainder when 48883 is divided by 71.
35
Calculate the remainder when 7699 is divided by 3602.
495
Calculate the remainder when 3320 is divided by 42.
2
Calculate the remainder when 1467 is divided by 199.
74
Calculate the remainder when 6956 is divided by 3.
2
What is the remainder when 4582797 is divided by 285?
282
What is the remainder when 5672 is divided by 1127?
37
Calculate the remainder when 2791 is divided by 663.
139
Calculate the remainder when 1558099 is divided by 10.
9
Calculate the remainder when 2543 is divided by 14.
9
Calculate the remainder when 695042 is divided by 241.
239
Calculate the remainder when 977 is divided by 960.
17
What is the remainder when 76726 is divided by 556?
554
Calculate the remainder when 3617 is divided by 71.
67
Calculate the remainder when 1687 is divided by 830.
27
Calculate the remainder when 891171 is divided by 25.
21
Calculate the remainder when 4677 is divided by 41.
3
What is the remainder when 887 is divided by 73?
11
Calculate the remainder when 126728 is divided by 437.
435
What is the remainder when 60947 is divided by 8703?
26
What is the remainder when 376111 is divided by 3270?
61
Calculate the remainder when 776 is divided by 126.
20
What is the remainder when 109805 is divided by 21958?
15
What is the remainder when 3498 is divided by 232?
18
Calculate the remainder when 5092 is divided by 97.
48
Calculate the remainder when 73413 is divided by 73383.
30
Calculate the remainder when 8871 is divided by 115.
16
What is the remainder when 2427 is divided by 311?
250
What is the remainder when 33931 is divided by 37?
2
Calculate the remainder when 2184 is divided by 168.
0
Calculate the remainder when 591904 is divided by 102.
100
What is the remainder when 8115 is divided by 4047?
21
Calculate the remainder when 69804 is divided by 62.
54
What is the remainder when 36443 is divided by 81?
74
Calculate the remainder when 101915 is divided by 104.
99
Calculate the remainder when 301 is divided by 76.
73
What is the remainder when 4060 is divided by 660?
100
What is the remainder when 2165 is divided by 257?
109
What is the remainder when 136 is divided by 102?
34
What is the remainder when 59461 is divided by 11876?
81
Calculate the remainder when 4184 is divided by 2037.
110
Calculate the remainder when 5386 is divided by 6.
4
Calculate the remainder when 3032756 is divided by 23.
22
Calculate the remainder when 28963 is divided by 1930.
13
What is the remainder when 243228 is divided by 22?
18
What is the remainder when 707998 is divided by 67?
9
Calculate the remainder when 5701 is divided by 168.
157
What is the remainder when 97044 is divided by 22?
2
What is the remainder when 47837 is divided by 17?
16
Calculate the remainder when 85665 is divided by 21413.
13
Calculate the remainder when 9920 is divided by 216.
200
Calculate the remainder when 19497 is divided by 92.
85
What is the remainder when 384340 is divided by 973?
5
Calculate the remainder when 148084 is divided by 173.
169
Calculate the remainder when 4215 is divided by 35.
15
What is the remainder when 829562 is divided by 71?
69
Calculate the remainder when 11700 is divided by 49.
38
Calculate the remainder when 55510 is divided by 27745.
20
Calculate the remainder when 257761 is divided by 107.
105
What is the remainder when 24785 is divided by 826?
5
What is the remainder when 70862 is divided by 16?
14
What is the remainder when 5780 is divided by 642?
2
What is the remainder when 57996 is divided by 580?
576
Calculate the remainder when 50443 is divided by 153.
106
Calculate the remainder when 2270 is divided by 419.
175
What is the remainder when 4518 is divided by 124?
54
Calculate the remainder when 13127 is divided by 46.
17
Calculate